{"id":308,"date":"2023-09-12T18:27:36","date_gmt":"2023-09-12T18:27:36","guid":{"rendered":"https:\/\/fransga.com\/?page_id=308"},"modified":"2023-09-13T20:04:23","modified_gmt":"2023-09-13T20:04:23","slug":"servicos","status":"publish","type":"page","link":"https:\/\/fransga.com\/index.php\/servicos\/","title":{"rendered":"Venda e manuten\u00e7\u00e3o de extintor"},"content":{"rendered":"\n<div class=\"wp-block-group\"><div class=\"wp-block-group__inner-container is-layout-constrained wp-block-group-is-layout-constrained\">\n<figure class=\"wp-block-gallery has-nested-images columns-default is-cropped wp-block-gallery-1 is-layout-flex wp-block-gallery-is-layout-flex\">\n<figure class=\"wp-block-image size-large is-style-default\"><img fetchpriority=\"high\" decoding=\"async\" width=\"1024\" height=\"682\" src=\"https:\/\/fransga.com\/wp-content\/uploads\/2023\/09\/pexels-pixabay-260321-1024x682.jpg\" alt=\"\" class=\"wp-image-535\" srcset=\"https:\/\/fransga.com\/wp-content\/uploads\/2023\/09\/pexels-pixabay-260321-1024x682.jpg 1024w, https:\/\/fransga.com\/wp-content\/uploads\/2023\/09\/pexels-pixabay-260321-300x200.jpg 300w, https:\/\/fransga.com\/wp-content\/uploads\/2023\/09\/pexels-pixabay-260321-768x512.jpg 768w, https:\/\/fransga.com\/wp-content\/uploads\/2023\/09\/pexels-pixabay-260321-1536x1024.jpg 1536w, https:\/\/fransga.com\/wp-content\/uploads\/2023\/09\/pexels-pixabay-260321-2048x1365.jpg 2048w\" sizes=\"(max-width: 1024px) 100vw, 1024px\" \/><\/figure>\n\n\n\n<figure class=\"wp-block-image size-large is-style-default\"><img decoding=\"async\" width=\"1024\" height=\"731\" src=\"https:\/\/fransga.com\/wp-content\/uploads\/2023\/09\/pexels-kunio-hori-18188992-1024x731.jpg\" alt=\"\" class=\"wp-image-548\" srcset=\"https:\/\/fransga.com\/wp-content\/uploads\/2023\/09\/pexels-kunio-hori-18188992-1024x731.jpg 1024w, https:\/\/fransga.com\/wp-content\/uploads\/2023\/09\/pexels-kunio-hori-18188992-300x214.jpg 300w, https:\/\/fransga.com\/wp-content\/uploads\/2023\/09\/pexels-kunio-hori-18188992-768x548.jpg 768w, https:\/\/fransga.com\/wp-content\/uploads\/2023\/09\/pexels-kunio-hori-18188992-1536x1097.jpg 1536w, https:\/\/fransga.com\/wp-content\/uploads\/2023\/09\/pexels-kunio-hori-18188992-2048x1463.jpg 2048w\" sizes=\"(max-width: 1024px) 100vw, 1024px\" \/><\/figure>\n<\/figure>\n\n\n\n<p><\/p>\n\n\n\n<p class=\"has-white-color has-cool-to-warm-spectrum-gradient-background has-text-color has-background has-medium-font-size\" style=\"font-style:normal;font-weight:700;text-transform:uppercase\">Venda e manuten\u00e7\u00e3o de Extintores<\/p>\n\n\n\n<ul class=\"wp-block-list\"><\/ul>\n\n\n            <div class=\"wp-block-icb-cards  align\" id='icbCards-1a12b4a0-7d56-4ee2-8267-ee7a72e12e34' data-attributes='{&quot;clientId&quot;:&quot;1a12b4a0-7d56-4ee2-8267-ee7a72e12e34&quot;,&quot;cards&quot;:[{&quot;background&quot;:{&quot;color&quot;:&quot;#fff&quot;},&quot;img&quot;:&quot;http:\\\/\\\/fransga.com\\\/wp-content\\\/uploads\\\/2023\\\/09\\\/pexels-jan-van-der-wolf-12072478-scaled.jpg&quot;,&quot;title&quot;:&quot;&lt;strong&gt;Quais s\\u00e3o os tipos de manuten\\u00e7\\u00e3o de extintor?&lt;\\\/strong&gt;&quot;,&quot;desc&quot;:&quot;Tipos de manuten\\u00e7\\u00e3o\\u00a0em\\u00a0Extintores\\u00a0de Inc\\u00eandio.&lt;br&gt;S\\u00e3o essas as verifica\\u00e7\\u00f5es e manuten\\u00e7\\u00f5es que devem ser feitas nos\\u00a0&lt;strong&gt;extintores&lt;\\\/strong&gt;:&lt;br&gt;. &lt;strong&gt;N\\u00edvel 1 para inspe\\u00e7\\u00e3o mensal.&lt;br&gt;. N\\u00edvel 2 para inspe\\u00e7\\u00e3o anual.&lt;br&gt;. N\\u00edvel 3 para inspe\\u00e7\\u00e3o de 5 &lt;\\\/strong&gt;anos&quot;,&quot;btnLabal&quot;:&quot;Pagina inicial&quot;,&quot;btnUrl&quot;:&quot;https:\\\/\\\/fransga.com\\\/&quot;},{&quot;background&quot;:{&quot;color&quot;:&quot;#fff&quot;},&quot;img&quot;:&quot;http:\\\/\\\/fransga.com\\\/wp-content\\\/uploads\\\/2023\\\/09\\\/pexels-levi-damasceno-571252-scaled.jpg&quot;,&quot;title&quot;:&quot;&lt;strong&gt;Como\\u00a0&lt;strong&gt;manusear&lt;\\\/strong&gt;\\u00a0o\\u00a0&lt;strong&gt;extintor&lt;\\\/strong&gt;\\u00a0de inc\\u00eandio&lt;\\\/strong&gt;?&quot;,&quot;desc&quot;:&quot;1\\u00b0 Passo: Rompa o Lacre;&lt;br&gt;2\\u00b0 Passo: Retire a trava de seguran\\u00e7a;&lt;br&gt;3\\u00b0 Passo: Verifique a posi\\u00e7\\u00e3o do vento,\\u00a0&lt;strong&gt;\\u00e9&lt;\\\/strong&gt;\\u00a0importante voc\\u00ea sempre estar a favor dele;&lt;br&gt;&lt;strong&gt;4&lt;\\\/strong&gt;\\u00b0 Passo: Mire a ponta da mangueira em dire\\u00e7\\u00e3o a base das chamas;&quot;,&quot;btnLabal&quot;:&quot;Pagina inicial&quot;,&quot;btnUrl&quot;:&quot;https:\\\/\\\/fransga.com\\\/&quot;},{&quot;background&quot;:{&quot;color&quot;:&quot;#fff&quot;},&quot;img&quot;:&quot;http:\\\/\\\/fransga.com\\\/wp-content\\\/uploads\\\/2023\\\/09\\\/pexels-my-weird-stuff-17904106-scaled.jpg&quot;,&quot;title&quot;:&quot;&lt;strong&gt;Qual o prazo de validade de um extintor de inc\\u00eandio?&lt;\\\/strong&gt;&quot;,&quot;desc&quot;:&quot;De acordo com especialistas, os extintores de p\\u00f3 qu\\u00edmico seco, por exemplo, quando em sua embalagem original e armazenados sob condi\\u00e7\\u00f5es normais de temperatura,\\u00a0&lt;strong&gt;n\\u00e3o deve sofrer altera\\u00e7\\u00f5es em um prazo inferior a 5 anos&lt;\\\/strong&gt;&quot;,&quot;btnLabal&quot;:&quot;Pagina inicial&quot;,&quot;btnUrl&quot;:&quot;https:\\\/\\\/fransga.com\\\/&quot;}],&quot;btnColors&quot;:{&quot;color&quot;:&quot;#fff&quot;,&quot;bg&quot;:&quot;#4527a4&quot;,&quot;bgType&quot;:&quot;gradient&quot;,&quot;gradient&quot;:&quot;linear-gradient(256deg,#4527a4 0%,#8344c5 100%)&quot;},&quot;btnHovColors&quot;:{&quot;color&quot;:&quot;#fff&quot;,&quot;bg&quot;:&quot;#fe6601&quot;,&quot;bgType&quot;:&quot;gradient&quot;,&quot;gradient&quot;:&quot;linear-gradient(135deg,rgb(119,113,137) 19%,rgb(163,69,196) 92%)&quot;},&quot;className&quot;:&quot;&quot;,&quot;align&quot;:&quot;&quot;,&quot;layout&quot;:&quot;vertical&quot;,&quot;theme&quot;:&quot;default&quot;,&quot;columns&quot;:{&quot;desktop&quot;:3,&quot;tablet&quot;:2,&quot;mobile&quot;:1},&quot;columnGap&quot;:&quot;20px&quot;,&quot;rowGap&quot;:&quot;20px&quot;,&quot;isImg&quot;:true,&quot;imgHeight&quot;:&quot;200px&quot;,&quot;imgPos&quot;:&quot;first&quot;,&quot;background&quot;:{&quot;color&quot;:&quot;#0000&quot;},&quot;padding&quot;:{&quot;top&quot;:&quot;0px&quot;,&quot;right&quot;:&quot;0x&quot;,&quot;bottom&quot;:&quot;0px&quot;,&quot;left&quot;:&quot;0px&quot;},&quot;cardPadding&quot;:{&quot;top&quot;:&quot;0px&quot;,&quot;right&quot;:&quot;0px&quot;,&quot;bottom&quot;:&quot;0px&quot;,&quot;left&quot;:&quot;0px&quot;},&quot;cardRadius&quot;:&quot;8px&quot;,&quot;cardShadow&quot;:[{&quot;hOffset&quot;:&quot;0px&quot;,&quot;vOffset&quot;:&quot;4px&quot;,&quot;blur&quot;:&quot;8px&quot;,&quot;spreed&quot;:&quot;0px&quot;,&quot;color&quot;:&quot;#0003&quot;}],&quot;contentAlign&quot;:&quot;left&quot;,&quot;contentPadding&quot;:{&quot;top&quot;:&quot;20px&quot;,&quot;right&quot;:&quot;15px&quot;,&quot;bottom&quot;:&quot;15px&quot;,&quot;left&quot;:&quot;15px&quot;},&quot;titleTypo&quot;:{&quot;fontSize&quot;:&quot;20&quot;},&quot;descTypo&quot;:{&quot;fontSize&quot;:&quot;16&quot;},&quot;btnTypo&quot;:{&quot;fontSize&quot;:15,&quot;textDecoration&quot;:&quot;none&quot;},&quot;btnAlign&quot;:&quot;left&quot;,&quot;btnPadding&quot;:{&quot;top&quot;:&quot;10px&quot;,&quot;right&quot;:&quot;15px&quot;,&quot;bottom&quot;:&quot;10px&quot;,&quot;left&quot;:&quot;15px&quot;},&quot;btnRadius&quot;:&quot;8px&quot;}'><\/div>\r\n\r\n            \n\n\n<ul class=\"wp-block-list\"><\/ul>\n<\/div><\/div>\n\n\n\n<p class=\"has-white-color has-cool-to-warm-spectrum-gradient-background has-text-color has-background has-medium-font-size\" style=\"text-transform:capitalize\">Entre em contacto para adquirir os nossos produtos e servi\u00e7os, n\u00e3o perca tempo!<\/p>\n\n\n\n<p><\/p>\n","protected":false},"excerpt":{"rendered":"<p>Venda e manuten\u00e7\u00e3o de Extintores Entre em contacto para adquirir os nossos produtos e servi\u00e7os, n\u00e3o perca tempo!<\/p>\n","protected":false},"author":1,"featured_media":0,"parent":0,"menu_order":0,"comment_status":"closed","ping_status":"closed","template":"","meta":{"footnotes":""},"class_list":["post-308","page","type-page","status-publish","hentry"],"_links":{"self":[{"href":"https:\/\/fransga.com\/index.php\/wp-json\/wp\/v2\/pages\/308"}],"collection":[{"href":"https:\/\/fransga.com\/index.php\/wp-json\/wp\/v2\/pages"}],"about":[{"href":"https:\/\/fransga.com\/index.php\/wp-json\/wp\/v2\/types\/page"}],"author":[{"embeddable":true,"href":"https:\/\/fransga.com\/index.php\/wp-json\/wp\/v2\/users\/1"}],"replies":[{"embeddable":true,"href":"https:\/\/fransga.com\/index.php\/wp-json\/wp\/v2\/comments?post=308"}],"version-history":[{"count":35,"href":"https:\/\/fransga.com\/index.php\/wp-json\/wp\/v2\/pages\/308\/revisions"}],"predecessor-version":[{"id":565,"href":"https:\/\/fransga.com\/index.php\/wp-json\/wp\/v2\/pages\/308\/revisions\/565"}],"wp:attachment":[{"href":"https:\/\/fransga.com\/index.php\/wp-json\/wp\/v2\/media?parent=308"}],"curies":[{"name":"wp","href":"https:\/\/api.w.org\/{rel}","templated":true}]}}